2
-ae89 (base 16) to base 5
-2412211
2d08 (base 15) to base 5
302213
-1b3a (base 16) to base 12
-404a
-60b (base 16) to base 5
-22142
What is -441210 (base 5) in base 14?
-5764
10330302 (base 4) to base 14
7562
2024 (base 8) to base 2
10000010100
What is -54467 (base 8) in base 11?
-16183
What is -77 (base 9) in base 6?
-154
2016 (base 7) to base 16
2bb
What is -11111100 (base 2) in base 8?
-374
-478 (base 16) to base 14
-5ba
Convert 1101102 (base 3) to base 15.
475
What is -5b52 (base 15) in base 10?
-19427
What is cc8 (base 15) in base 13?
1412
Convert 8b0 (base 14) to base 2.
11010111010
Convert -5b5 (base 12) to base 10.
-857
-3105 (base 8) to base 12
-b19
1101100111101 (base 2) to base 14
2781
Convert -679 (base 11) to base 3.
-1010002
Convert -335 (base 15) to base 8.
-1325
Convert 3a1 (base 13) to base 14.
338
What is -143422 (base 5) in base 3?
-22101101
-122 (base 8) to base 12
-6a
Convert -64557 (base 9) to base 7.
-235414
Convert b54 (base 12) to base 9.
2231
2120022212 (base 3) to base 5
3104130
10000100101000 (base 2) to base 9
12571
What is 27713 (base 11) in base 5?
2230320
Convert 130233 (base 4) to base 5.
24324
What is -17a11 (base 11) in base 4?
-12021130
What is -2b5 (base 12) in base 6?
-1545
276 (base 10) to base 8
424
What is -11526 (base 7) in base 15?
-d59
30a0 (base 13) to base 15
1ed1
What is 104143 (base 5) in base 10?
3673
What is -3ad (base 16) in base 2?
-1110101101
What is -24300 (base 5) in base 4?
-130201
Convert 13010 (base 8) to base 15.
1a10
Convert 10101011110 (base 2) to base 8.
2536
Convert 3766 (base 11) to base 13.
230b
Convert 181 (base 9) to base 4.
2122
Convert -45a (base 14) to base 10.
-864
-14dd (base 14) to base 11
-2885
Convert 4856 (base 12) to base 4.
1333002
34a3 (base 12) to base 14
2203
What is 14021 (base 5) in base 4?
101300
Convert 356130 (base 7) to base 13.
234c9
1011010100000110 (base 2) to base 12
2299a
Convert 2014 (base 6) to base 2.
110111010
Convert 101022220 (base 3) to base 13.
3573
Convert 16463 (base 8) to base 16.
1d33
What is 474 (base 14) in base 13?
532
Convert 2685 (base 11) to base 16.
d99
What is 310302 (base 6) in base 7?
132053
What is -11b38 (base 12) in base 11?
-17112
Convert -a2b5 (base 14) to base 16.
-6d57
Convert -221102220 (base 3) to base 14.
-6a8a
Convert -1122100 (base 3) to base 15.
-54c
What is 323 (base 11) in base 6?
1444
-b955 (base 13) to base 7
-135045
d29 (base 15) to base 5
43324
Convert -118 (base 13) to base 6.
-514
Convert 635 (base 8) to base 16.
19d
Convert 55444 (base 6) to base 3.
101121101
-356b5 (base 12) to base 5
-4244344
What is 5979 (base 11) in base 5?
222310
Convert -12203 (base 5) to base 3.
-1021101
What is -20513 (base 6) in base 9?
-3730
-8671 (base 9) to base 3
-22202101
Convert 1124 (base 8) to base 6.
2432
Convert 180c (base 13) to base 7.
13245
What is -300b (base 13) in base 8?
-14712
What is -14 (base 13) in base 2?
-10001
What is -1a9a (base 14) in base 12?
-2974
Convert 11033111 (base 4) to base 2.
101001111010101
Convert 3cc8 (base 16) to base 11.
10766
733 (base 8) to base 7
1246
What is -2b9 (base 12) in base 5?
-3204
What is -7085 (base 12) in base 7?
-50363
What is 202102 (base 3) in base 4?
20213
5003 (base 8) to base 14
d11
What is -1214 (base 16) in base 14?
-1988
102001121 (base 3) to base 8
17576
1607 (base 9) to base 11
a11
-410 (base 8) to base 14
-14c
What is -a437 (base 16) in base 8?
-122067
Convert -861 (base 11) to base 9.
-1370
5475 (base 15) to base 12
a425
What is 402015 (base 6) in base 9?
47242
What is 1001010100100101 (base 2) in base 9?
57333
Convert 0 (base 10) to base 11.
0
Convert 241664 (base 7) to base 4.
22231331
8a (base 14) to base 6
322
What is 1850 (base 11) in base 15?
a6e
Convert -2a0 (base 13) to base 6.
-2100
Convert -11712 (base 8) to base 3.
-20221122
-334055 (base 7) to base 12
-2a1b8
Convert 10504 (base 6) to base 8.
2710
Convert -1011100 (base 3) to base 5.
-11341
-10136 (base 11) to base 9
-22265
-d2 (base 16) to base 4
-3102
Convert 1120002 (base 3) to base 4.
101300
Convert -101000010110011 (base 2) to base 7.
-114142
Convert 1101000110 (base 2) to base 5.
11323
2833 (base 11) to base 5
104131
-122110012 (base 3) to base 13
-5a38
What is -10100101011101 (base 2) in base 3?
-112112012
What is 9b85 (base 13) in base 6?
244353
What is 21a (base 14) in base 9?
512
-18713 (base 10) to base 15
-5828
What is -2002021 (base 4) in base 7?
-33166
What is -1001101101100010 (base 2) in base 14?
-106d4
What is 5ec (base 15) in base 13?
7c8
-6959 (base 12) to base 5
-333413
Convert 11031 (base 4) to base 6.
1313
What is -58663 (base 9) in base 13?
-14aab
Convert -8a7 (base 11) to base 6.
-5005
Convert -20145 (base 6) to base 7.
-10514
Convert -3202 (base 7) to base 6.
-5121
-105733 (base 8) to base 11
-24999
What is 633 (base 7) in base 9?
383
What is -20d6 (base 15) in base 4?
-1230213
What is 1753 (base 10) in base 9?
2357
Convert -2916 (base 14) to base 9.
-10870
Convert 100000001 (base 2) to base 3.
100112
What is -1aa9 (base 12) in base 16?
-ce1
What is -7cad (base 16) in base 14?
-b8bb
Convert -2841 (base 9) to base 5.
-32033
Convert 22111 (base 4) to base 7.
1633
Convert 10706 (base 8) to base 14.
1930
Convert 8c7a (base 13) to base 6.
231121
-934 (base 16) to base 2
-100100110100
What is 7846 (base 9) in base 2?
1011010100001
What is 1687 (base 9) in base 14?
686
-175 (base 15) to base 7
-656
4886 (base 10) to base 7
20150
Convert 12b (base 15) to base 16.
10a
What is -101101122 (base 3) in base 15?
-23a2
What is 1055 (base 10) in base 7?
3035
Convert 3629 (base 10) to base 14.
1473
Convert 1000010111101 (base 2) to base 14.
17c1
What is 13331 (base 6) in base 16?
817
What is 1c61 (base 14) in base 13?
2487
Convert 604 (base 7) to base 16.
12a
Convert -121112122 (base 3) to base 7.
-50105
What is 5092 (base 11) in base 9?
10236
Convert -2126 (base 9) to base 10.
-1563
-4031 (base 8) to base 16
-819
What is -2471 (base 8) in base 13?
-7bb
Convert 1394 (base 13) to base 11.
2139
Convert 1621 (base 15) to base 5.
123011
What is 79d (base 14) in base 12?
a5b
1056 (base 7) to base 10
384
What is -1002202211 (base 3) in base 14?
-7ca3
Convert -40 (base 11) to base 4.
-230
What is 161 (base 9) in base 6?
344
-29b8 (base 16) to base 10
-10680
Convert 56680 (base 11) to base 16.
14055
-2741 (base 13) to base 14
-20a2
Convert 19306 (base 13) to base 16.
becf
Convert -203233 (base 5) to base 9.
-10156
-4b46 (base 16) to base 13
-8a04
Convert -b129 (base 13) to base 15.
-734b
What is -19c5 (base 13) in base 8?
-7447
a30 (base 16) to base 14
d44
What is 1139 (base 12) in base 6?
12513
Convert 7454 (base 11) to base 15.
2dc5
201011000 (base 3) to base 6
144343
759 (base 15) to base 10
1659
What is -11451 (base 9) in base 13?
-3643
10121 (base 3) to base 2
1100001
Convert -11413 (base 5) to base 11.
-710
Convert 17172 (base 8) to base 13.
3722
Convert 10011 (base 3) to base 8.
125
Convert 6306 (base 8) to base 9.
4433
What is 100011100 (base 2) in base 9?
345
-210211201 (base 3) to base 4
-3320302
-11000 (base 5) to base 15
-350
Convert 3037 (base 12) to base 5.
131402
What is 30004 (base 6) in base 11?
2a19
498 (base 15) to base 14
547
Convert -101101010100 (base 2) to base 9.
-3872
-2061 (base 9) to base 5
-22023
What is 102120 (base 5) in base 16?
d52
-100110 (base 2) to base 15
-28
What is 119e (base 16) in base 5?
121020
59a (base 16) to base 8
2632
10100212211 (base 3) to base 11
45860
What is -184 (base 12) in base 16?
-f4
What is -21210021 (base 3) in base 9?
-7707
What is -9182 (base 13) in base 9?
-30445
-4658 (base 10) to base 8
-11062
Convert 2112013 (base 4) to base 12.
5687
What is -2512 (base 7) in base 9?
-1254
22 (base 12) to base 16
1a
What is -4288 (base 10) in base 9?
-5784
What is 1238 (base 10) in base 8?
2326
7b7 (base 16) to base 13
b8c
10100110110101 (base 2) to base 7
43062
Convert -15e (base 16) to base 13.
-20c
What is 22350 (base 9) in base 6?
152500
-3245 (base 16) to base 5
-402434
What is ab (base 12) in base 11?
10a
Convert 77c (base 13) to base 16.
506
2d70 (base 15) to base 14
37c8
What is 225 (base 12) in base 3?
102202
-1056 (base 11) to base 15
-62c
What is -15306 (base 7) in base 3?
-12212010
Convert c1c (base 15) to base 11.
205a
-366 (base 11) to bas